{"id":93,"date":"2023-02-06T08:59:11","date_gmt":"2023-02-06T08:59:11","guid":{"rendered":"https:\/\/menzel.tmbe.me\/?page_id=93"},"modified":"2023-02-06T09:13:22","modified_gmt":"2023-02-06T09:13:22","slug":"dsgvo","status":"publish","type":"page","link":"https:\/\/menzel.tmbe.me\/?page_id=93","title":{"rendered":"Datenschutzerkl\u00e4rung"},"content":{"rendered":"\n<p>Eine Nutzung dieser Internetseiten der Privatpraxis Dr. med. Claudia Menzel ist ohne jede Angabe personenbezogener Daten m\u00f6glich. Sofern besondere Services in Anspruch genommen werden (bspw. eMail), k\u00f6nnte eine Verarbeitung personenbezogener Daten erforderlich werden.<\/p>\n\n\n\n<p>Die Verarbeitung personenbezogener Daten, beispielsweise des Namens, der Anschrift, E-Mail-Adresse oder Telefonnummer, erfolgt im Einklang mit der Datenschutz-Grundverordnung und landesspezifischen Datenschutzbestimmungen.<\/p>\n\n\n\n<p>Internet-basierte Daten\u00fcbertragungen k\u00f6nnen Sicherheitsl\u00fccken aufweisen. Es steht daher jedem Nutzer frei, personenbezogene Daten auf alternativen Wegen (telefonisch, postalisch) zu \u00fcbermitteln.<\/p>\n\n\n\n<p><strong>Begriffsbestimmungen<\/strong><\/p>\n\n\n\n<p>\u201ePersonenbezogene Daten\u201c sind alle Informationen, die sich auf eine identifizierte oder identifizierbare nat\u00fcrliche Person (im Folgenden \u201ebetroffene Person\u201c) beziehen; als identifizierbar wird eine nat\u00fcrliche Person angesehen, die direkt oder indirekt, insbesondere mittels Zuordnung zu einer Kennung wie einem Namen, zu einer Kennnummer, zu Standortdaten, zu einer Online-Kennung (z.B. Cookie) oder zu einem oder mehreren besonderen Merkmalen identifiziert werden kann, die Ausdruck der physischen, physiologischen, genetischen, psychischen, wirtschaftlichen, kulturellen oder sozialen Identit\u00e4t dieser nat\u00fcrlichen Person sind.<\/p>\n\n\n\n<p>\u201eVerarbeitung\u201c ist jeder mit oder ohne Hilfe automatisierter Verfahren ausgef\u00fchrte Vorgang oder jede solche Vorgangsreihe im Zusammenhang mit personenbezogenen Daten. Der Begriff reicht weit und umfasst praktisch jeden Umgang mit Daten.<\/p>\n\n\n\n<p>\u201ePseudonymisierung\u201c die Verarbeitung personenbezogener Daten in einer Weise, dass die personenbezogenen Daten ohne Hinzuziehung zus\u00e4tzlicher Informationen nicht mehr einer spezifischen betroffenen Person zugeordnet werden k\u00f6nnen, sofern diese zus\u00e4tzlichen Informationen gesondert aufbewahrt werden und technischen und organisatorischen Ma\u00dfnahmen unterliegen, die gew\u00e4hrleisten, dass die personenbezogenen Daten nicht einer identifizierten oder identifizierbaren nat\u00fcrlichen Person zugewiesen werden.<\/p>\n\n\n\n<p>\u201eProfiling\u201c jede Art der automatisierten Verarbeitung personenbezogener Daten, die darin besteht, dass diese personenbezogenen Daten verwendet werden, um bestimmte pers\u00f6nliche Aspekte, die sich auf eine nat\u00fcrliche Person beziehen, zu bewerten, insbesondere um Aspekte bez\u00fcglich Arbeitsleistung, wirtschaftliche Lage, Gesundheit, pers\u00f6nliche Vorlieben, Interessen, Zuverl\u00e4ssigkeit, Verhalten, Aufenthaltsort oder Ortswechsel dieser nat\u00fcrlichen Person zu analysieren oder vorherzusagen.<\/p>\n\n\n\n<p>Als \u201eVerantwortlicher\u201c wird die nat\u00fcrliche oder juristische Person, Beh\u00f6rde, Einrichtung oder andere Stelle, die allein oder gemeinsam mit anderen \u00fcber die Zwecke und Mittel der Verarbeitung von personenbezogenen Daten entscheidet, bezeichnet.<\/p>\n\n\n\n<p>\u201eAuftragsverarbeiter\u201c eine nat\u00fcrliche oder juristische Person, Beh\u00f6rde, Einrichtung oder andere Stelle, die personenbezogene Daten im Auftrag des Verantwortlichen verarbeitet.<\/p>\n\n\n\n<p><strong>Name und Anschrift des f\u00fcr die Verarbeitung Verantwortlichen<\/strong><\/p>\n\n\n\n<p>Verantwortlicher im Sinne der Datenschutz-Grundverordnung, sonstiger in den Mitgliedstaaten der Europ\u00e4ischen Union geltenden Datenschutzgesetze und anderer Bestimmungen mit datenschutzrechtlichem Charakter ist:<\/p>\n\n\n\n<p>Dr. med. Claudia Menzel<\/p>\n\n\n\n<p>Frankenberger Plan 6<br>38640 Goslar<\/p>\n\n\n\n<p>Deutschland<\/p>\n\n\n\n<p>Tel.: +49(0)0160 96 69 03 22<\/p>\n\n\n\n<p>E-Mail: info@privatpraxis-menzel.de<\/p>\n\n\n\n<p>Website: https:\/\/privatpraxis-menzel.de<\/p>\n\n\n\n<p><strong>Cookies<\/strong><\/p>\n\n\n\n<p>Die Internetseiten der Privatpraxis Dr. med. Claudia Menzel k\u00f6nnen Cookies verwenden. Dies erm\u00f6glichen es den besuchten Internetseiten und Servern, den individuellen Nutzer-Browser zu unterscheiden. Durch den Einsatz von Cookies k\u00f6nnen Services nutzerfreundlich bereitgestellt werden.<\/p>\n\n\n\n<p>Die betroffene Person kann die Setzung von Cookies jederzeit durch entsprechende Einstellungen des genutzten Internetbrowsers verhindern und damit der Setzung von Cookies dauerhaft widersprechen. Bereits gesetzte Cookies k\u00f6nnen jederzeit \u00fcber den genutzten Internetbrowser gel\u00f6scht werden. Die Deaktivierung von Cookies kann dazu f\u00fchren, das nicht alle Funktionen dieser Internetseite vollumf\u00e4nglich nutzbar sind.<\/p>\n\n\n\n<p><strong>Erfassung von allgemeinen Daten und Informationen<\/strong><\/p>\n\n\n\n<p>Diese Internetseite erfasst mit jedem Aufruf eine Reihe von allgemeinen Daten und Informationen. Diese allgemeinen Daten und Informationen werden in den Logfiles des Servers gespeichert. Erfasst werden k\u00f6nnen unter anderem die verwendeten Browsertypen, das vom zugreifenden System verwendete Betriebssystem, die Internetseite, von welcher ein zugreifendes System auf diese Internetseite gelangt (Referrer) sowie Datum und Uhrzeit eines Zugriffs und die Internet-Protokoll-Adresse (IP-Adresse).<\/p>\n\n\n\n<p>Bei der Nutzung dieser allgemeinen Daten und Informationen werden keine R\u00fcckschl\u00fcsse auf die betroffene Person gezogen. Die Informationen werden ben\u00f6tigt, um die dauerhafte Funktionsf\u00e4higkeit dieser Internetseiten zu gew\u00e4hrleisten. &nbsp;Die anonymen Daten der Server-Logfiles werden getrennt von allen personenbezogenen Daten gespeichert.<\/p>\n\n\n\n<p><strong>Kontaktm\u00f6glichkeit \u00fcber die Internetseite<\/strong><\/p>\n\n\n\n<p>Die Internetseite der Privatpraxis Dr. med. Claudia Menzel enth\u00e4lt die M\u00f6glichkeit einer schnellen elektronischen Kontaktaufnahme. Sofern per E-Mail oder \u00fcber ein Kontaktformular Kontakt aufgenommen wird, werden die von der betroffenen Person \u00fcbermittelten personenbezogenen Daten automatisch gespeichert. Solche auf freiwilliger Basis an die Praxis \u00fcbermittelten personenbezogenen Daten werden f\u00fcr Zwecke der Bearbeitung oder der Kontaktaufnahme zur betroffenen Person gespeichert. Es erfolgt keine Weitergabe dieser personenbezogenen Daten an Dritte.<\/p>\n\n\n\n<p><strong>L\u00f6schung und Sperrung personenbezogener Daten<\/strong><\/p>\n\n\n\n<p>Personenbezogene Daten werden nur f\u00fcr den Zeitraum, der zur Erreichung des Speicherzwecks erforderlich ist, gespeichert. &nbsp;Entf\u00e4llt der Speicherungszweck, werden die personenbezogenen Daten gesperrt oder gel\u00f6scht.<\/p>\n\n\n\n<p><strong>Rechte betroffener Personen<\/strong><\/p>\n\n\n\n<p>Sie haben das Recht, eine Best\u00e4tigung dar\u00fcber zu verlangen, ob betreffende Daten verarbeitet werden und auf Auskunft \u00fcber diese Daten sowie auf weitere Informationen und Kopie der Daten entsprechend Art. 15 DSGVO.<\/p>\n\n\n\n<p>Sie haben entsprechend. Art. 16 DSGVO das Recht, die Vervollst\u00e4ndigung der Sie betreffenden Daten oder die Berichtigung der Sie betreffenden unrichtigen Daten zu verlangen.<\/p>\n\n\n\n<p>Sie haben nach Ma\u00dfgabe des Art. 17 DSGVO das Recht zu verlangen, dass betreffende Daten unverz\u00fcglich gel\u00f6scht werden, bzw. alternativ nach Ma\u00dfgabe des Art. 18 DSGVO eine Einschr\u00e4nkung der Verarbeitung der Daten zu verlangen.<\/p>\n\n\n\n<p>Sie haben das Recht zu verlangen, dass die Sie betreffenden Daten, die Sie uns bereitgestellt haben nach Ma\u00dfgabe des Art. 20 DSGVO zu erhalten und deren \u00dcbermittlung an andere Verantwortliche zu fordern.<\/p>\n\n\n\n<p>Sie haben ferner gem. Art. 77 DSGVO das Recht, eine Beschwerde bei der zust\u00e4ndigen Aufsichtsbeh\u00f6rde einzureichen.<\/p>\n\n\n\n<p><strong>Widerrufsrecht<\/strong><\/p>\n\n\n\n<p>Sie haben das Recht, erteilte Einwilligungen gem. Art. 7 Abs. 3 DSGVO mit Wirkung f\u00fcr die Zukunft zu widerrufen<\/p>\n\n\n\n<p><strong>Widerspruchsrecht<\/strong><\/p>\n\n\n\n<p>Sie k\u00f6nnen der k\u00fcnftigen Verarbeitung der Sie betreffenden Daten nach Ma\u00dfgabe des Art. 21 DSGVO jederzeit widersprechen. Der Widerspruch kann insbesondere gegen die Verarbeitung f\u00fcr Zwecke der Direktwerbung erfolgen.<\/p>\n\n\n\n<p><strong>Verwendung von Google Maps<\/strong><\/p>\n\n\n\n<p>Wir verwenden Google Maps von Google Inc. zur Anzeige des Stadtplans Goslar auf unserer Website. Durch Nutzung unserer Webseite erkl\u00e4ren Sie sich mit der Erfassung, Bearbeitung sowie Nutzung der automatisiert erhobenen Daten durch Google Inc., deren Vertreter sowie Dritter einverstanden. Die Nutzungsbedingungen von Google Maps finden sie unter <a href=\"https:\/\/www.google.com\/intl\/de_de\/help\/terms_maps\/\">&#8222;Nutzungsbedingungen von Google Maps&#8220;<\/a>.<\/p>\n","protected":false},"excerpt":{"rendered":"<p>Eine Nutzung dieser Internetseiten der Privatpraxis Dr. med. Claudia Menzel ist ohne jede Angabe personenbezogener Daten m\u00f6glich. Sofern besondere Services in Anspruch genommen werden (bspw. eMail), k\u00f6nnte eine Verarbeitung personenbezogener Daten erforderlich werden. Die Verarbeitung personenbezogener Daten, beispielsweise des Namens, der Anschrift, E-Mail-Adresse oder Telefonnummer, erfolgt im Einklang mit der Datenschutz-Grundverordnung und landesspezifischen Datenschutzbestimmungen. Internet-basierte &hellip; <\/p>\n<p class=\"link-more\"><a href=\"https:\/\/menzel.tmbe.me\/?page_id=93\" class=\"more-link\"><span class=\"screen-reader-text\">\u201eDatenschutzerkl\u00e4rung\u201c<\/span> weiterlesen<\/a><\/p>\n","protected":false},"author":1,"featured_media":0,"parent":0,"menu_order":0,"comment_status":"closed","ping_status":"closed","template":"","meta":{"footnotes":""},"class_list":["post-93","page","type-page","status-publish","hentry"],"_links":{"self":[{"href":"https:\/\/menzel.tmbe.me\/index.php?rest_route=\/wp\/v2\/pages\/93","targetHints":{"allow":["GET"]}}],"collection":[{"href":"https:\/\/menzel.tmbe.me\/index.php?rest_route=\/wp\/v2\/pages"}],"about":[{"href":"https:\/\/menzel.tmbe.me\/index.php?rest_route=\/wp\/v2\/types\/page"}],"author":[{"embeddable":true,"href":"https:\/\/menzel.tmbe.me\/index.php?rest_route=\/wp\/v2\/users\/1"}],"replies":[{"embeddable":true,"href":"https:\/\/menzel.tmbe.me\/index.php?rest_route=%2Fwp%2Fv2%2Fcomments&post=93"}],"version-history":[{"count":2,"href":"https:\/\/menzel.tmbe.me\/index.php?rest_route=\/wp\/v2\/pages\/93\/revisions"}],"predecessor-version":[{"id":105,"href":"https:\/\/menzel.tmbe.me\/index.php?rest_route=\/wp\/v2\/pages\/93\/revisions\/105"}],"wp:attachment":[{"href":"https:\/\/menzel.tmbe.me\/index.php?rest_route=%2Fwp%2Fv2%2Fmedia&parent=93"}],"curies":[{"name":"wp","href":"https:\/\/api.w.org\/{rel}","templated":true}]}}

Datenschutzerklärung

<p>Eine Nutzung dieser Internetseiten der Privatpraxis Dr. med. Claudia Menzel ist ohne jede Angabe personenbezogener Daten möglich. Sofern besondere Services in Anspruch genommen werden (bspw. eMail), könnte eine Verarbeitung personenbezogener Daten erforderlich werden.</p>



<p>Die Verarbeitung personenbezogener Daten, beispielsweise des Namens, der Anschrift, E-Mail-Adresse oder Telefonnummer, erfolgt im Einklang mit der Datenschutz-Grundverordnung und landesspezifischen Datenschutzbestimmungen.</p>



<p>Internet-basierte Datenübertragungen können Sicherheitslücken aufweisen. Es steht daher jedem Nutzer frei, personenbezogene Daten auf alternativen Wegen (telefonisch, postalisch) zu übermitteln.</p>



<p><strong>Begriffsbestimmungen</strong></p>



<p>„Personenbezogene Daten“ sind alle Informationen, die sich auf eine identifizierte oder identifizierbare natürliche Person (im Folgenden „betroffene Person“) beziehen; als identifizierbar wird eine natürliche Person angesehen, die direkt oder indirekt, insbesondere mittels Zuordnung zu einer Kennung wie einem Namen, zu einer Kennnummer, zu Standortdaten, zu einer Online-Kennung (z.B. Cookie) oder zu einem oder mehreren besonderen Merkmalen identifiziert werden kann, die Ausdruck der physischen, physiologischen, genetischen, psychischen, wirtschaftlichen, kulturellen oder sozialen Identität dieser natürlichen Person sind.</p>



<p>„Verarbeitung“ ist jeder mit oder ohne Hilfe automatisierter Verfahren ausgeführte Vorgang oder jede solche Vorgangsreihe im Zusammenhang mit personenbezogenen Daten. Der Begriff reicht weit und umfasst praktisch jeden Umgang mit Daten.</p>



<p>„Pseudonymisierung“ die Verarbeitung personenbezogener Daten in einer Weise, dass die personenbezogenen Daten ohne Hinzuziehung zusätzlicher Informationen nicht mehr einer spezifischen betroffenen Person zugeordnet werden können, sofern diese zusätzlichen Informationen gesondert aufbewahrt werden und technischen und organisatorischen Maßnahmen unterliegen, die gewährleisten, dass die personenbezogenen Daten nicht einer identifizierten oder identifizierbaren natürlichen Person zugewiesen werden.</p>



<p>„Profiling“ jede Art der automatisierten Verarbeitung personenbezogener Daten, die darin besteht, dass diese personenbezogenen Daten verwendet werden, um bestimmte persönliche Aspekte, die sich auf eine natürliche Person beziehen, zu bewerten, insbesondere um Aspekte bezüglich Arbeitsleistung, wirtschaftliche Lage, Gesundheit, persönliche Vorlieben, Interessen, Zuverlässigkeit, Verhalten, Aufenthaltsort oder Ortswechsel dieser natürlichen Person zu analysieren oder vorherzusagen.</p>



<p>Als „Verantwortlicher“ wird die natürliche oder juristische Person, Behörde, Einrichtung oder andere Stelle, die allein oder gemeinsam mit anderen über die Zwecke und Mittel der Verarbeitung von personenbezogenen Daten entscheidet, bezeichnet.</p>



<p>„Auftragsverarbeiter“ eine natürliche oder juristische Person, Behörde, Einrichtung oder andere Stelle, die personenbezogene Daten im Auftrag des Verantwortlichen verarbeitet.</p>



<p><strong>Name und Anschrift des für die Verarbeitung Verantwortlichen</strong></p>



<p>Verantwortlicher im Sinne der Datenschutz-Grundverordnung, sonstiger in den Mitgliedstaaten der Europäischen Union geltenden Datenschutzgesetze und anderer Bestimmungen mit datenschutzrechtlichem Charakter ist:</p>



<p>Dr. med. Claudia Menzel</p>



<p>Frankenberger Plan 6<br>38640 Goslar</p>



<p>Deutschland</p>



<p>Tel.: +49(0)0160 96 69 03 22</p>



<p>E-Mail: info@privatpraxis-menzel.de</p>



<p>Website: https://privatpraxis-menzel.de</p>



<p><strong>Cookies</strong></p>



<p>Die Internetseiten der Privatpraxis Dr. med. Claudia Menzel können Cookies verwenden. Dies ermöglichen es den besuchten Internetseiten und Servern, den individuellen Nutzer-Browser zu unterscheiden. Durch den Einsatz von Cookies können Services nutzerfreundlich bereitgestellt werden.</p>



<p>Die betroffene Person kann die Setzung von Cookies jederzeit durch entsprechende Einstellungen des genutzten Internetbrowsers verhindern und damit der Setzung von Cookies dauerhaft widersprechen. Bereits gesetzte Cookies können jederzeit über den genutzten Internetbrowser gelöscht werden. Die Deaktivierung von Cookies kann dazu führen, das nicht alle Funktionen dieser Internetseite vollumfänglich nutzbar sind.</p>



<p><strong>Erfassung von allgemeinen Daten und Informationen</strong></p>



<p>Diese Internetseite erfasst mit jedem Aufruf eine Reihe von allgemeinen Daten und Informationen. Diese allgemeinen Daten und Informationen werden in den Logfiles des Servers gespeichert. Erfasst werden können unter anderem die verwendeten Browsertypen, das vom zugreifenden System verwendete Betriebssystem, die Internetseite, von welcher ein zugreifendes System auf diese Internetseite gelangt (Referrer) sowie Datum und Uhrzeit eines Zugriffs und die Internet-Protokoll-Adresse (IP-Adresse).</p>



<p>Bei der Nutzung dieser allgemeinen Daten und Informationen werden keine Rückschlüsse auf die betroffene Person gezogen. Die Informationen werden benötigt, um die dauerhafte Funktionsfähigkeit dieser Internetseiten zu gewährleisten. &nbsp;Die anonymen Daten der Server-Logfiles werden getrennt von allen personenbezogenen Daten gespeichert.</p>



<p><strong>Kontaktmöglichkeit über die Internetseite</strong></p>



<p>Die Internetseite der Privatpraxis Dr. med. Claudia Menzel enthält die Möglichkeit einer schnellen elektronischen Kontaktaufnahme. Sofern per E-Mail oder über ein Kontaktformular Kontakt aufgenommen wird, werden die von der betroffenen Person übermittelten personenbezogenen Daten automatisch gespeichert. Solche auf freiwilliger Basis an die Praxis übermittelten personenbezogenen Daten werden für Zwecke der Bearbeitung oder der Kontaktaufnahme zur betroffenen Person gespeichert. Es erfolgt keine Weitergabe dieser personenbezogenen Daten an Dritte.</p>



<p><strong>Löschung und Sperrung personenbezogener Daten</strong></p>



<p>Personenbezogene Daten werden nur für den Zeitraum, der zur Erreichung des Speicherzwecks erforderlich ist, gespeichert. &nbsp;Entfällt der Speicherungszweck, werden die personenbezogenen Daten gesperrt oder gelöscht.</p>



<p><strong>Rechte betroffener Personen</strong></p>



<p>Sie haben das Recht, eine Bestätigung darüber zu verlangen, ob betreffende Daten verarbeitet werden und auf Auskunft über diese Daten sowie auf weitere Informationen und Kopie der Daten entsprechend Art. 15 DSGVO.</p>



<p>Sie haben entsprechend. Art. 16 DSGVO das Recht, die Vervollständigung der Sie betreffenden Daten oder die Berichtigung der Sie betreffenden unrichtigen Daten zu verlangen.</p>



<p>Sie haben nach Maßgabe des Art. 17 DSGVO das Recht zu verlangen, dass betreffende Daten unverzüglich gelöscht werden, bzw. alternativ nach Maßgabe des Art. 18 DSGVO eine Einschränkung der Verarbeitung der Daten zu verlangen.</p>



<p>Sie haben das Recht zu verlangen, dass die Sie betreffenden Daten, die Sie uns bereitgestellt haben nach Maßgabe des Art. 20 DSGVO zu erhalten und deren Übermittlung an andere Verantwortliche zu fordern.</p>



<p>Sie haben ferner gem. Art. 77 DSGVO das Recht, eine Beschwerde bei der zuständigen Aufsichtsbehörde einzureichen.</p>



<p><strong>Widerrufsrecht</strong></p>



<p>Sie haben das Recht, erteilte Einwilligungen gem. Art. 7 Abs. 3 DSGVO mit Wirkung für die Zukunft zu widerrufen</p>



<p><strong>Widerspruchsrecht</strong></p>



<p>Sie können der künftigen Verarbeitung der Sie betreffenden Daten nach Maßgabe des Art. 21 DSGVO jederzeit widersprechen. Der Widerspruch kann insbesondere gegen die Verarbeitung für Zwecke der Direktwerbung erfolgen.</p>



<p><strong>Verwendung von Google Maps</strong></p>



<p>Wir verwenden Google Maps von Google Inc. zur Anzeige des Stadtplans Goslar auf unserer Website. Durch Nutzung unserer Webseite erklären Sie sich mit der Erfassung, Bearbeitung sowie Nutzung der automatisiert erhobenen Daten durch Google Inc., deren Vertreter sowie Dritter einverstanden. Die Nutzungsbedingungen von Google Maps finden sie unter <a href="https://www.google.com/intl/de_de/help/terms_maps/">&#8222;Nutzungsbedingungen von Google Maps&#8220;</a>.</p>

<p>Eine Nutzung dieser Internetseiten der Privatpraxis Dr. med. Claudia Menzel ist ohne jede Angabe personenbezogener Daten möglich. Sofern besondere Services in Anspruch genommen werden (bspw. eMail), könnte eine Verarbeitung personenbezogener Daten erforderlich werden. Die Verarbeitung personenbezogener Daten, beispielsweise des Namens, der Anschrift, E-Mail-Adresse oder Telefonnummer, erfolgt im Einklang mit der Datenschutz-Grundverordnung und landesspezifischen Datenschutzbestimmungen. Internet-basierte &hellip; </p>
<p class="link-more"><a href="https://menzel.tmbe.me/?page_id=93" class="more-link"><span class="screen-reader-text">„Datenschutzerklärung“</span> weiterlesen</a></p>
