{"id":84,"date":"2023-02-06T08:16:37","date_gmt":"2023-02-06T08:16:37","guid":{"rendered":"https:\/\/menzel.tmbe.me\/?page_id=84"},"modified":"2023-02-06T09:12:45","modified_gmt":"2023-02-06T09:12:45","slug":"impressum","status":"publish","type":"page","link":"https:\/\/menzel.tmbe.me\/?page_id=84","title":{"rendered":"Impressum"},"content":{"rendered":"\n<p>Facharztpraxis f\u00fcr Allgemeinmedizin \u00a0\u00a0\u00a0\u00a0 Dr. med. Claudia Menzel<\/p>\n\n\n\n<p>Berufsbezeichnung: &nbsp;&nbsp;&nbsp;&nbsp;&nbsp; \u00c4rztin (Die Erlaubnis zum F\u00fchren der Berufsbezeichnung \u00c4rztin, zum F\u00fchren der Facharztbezeichnung Allgemeinmedizin sowie die Promotion wurden in Deutschland verliehen)<\/p>\n\n\n\n<p>Anschrift: &nbsp;&nbsp;&nbsp;&nbsp;&nbsp;&nbsp;&nbsp;&nbsp;&nbsp; Frankenberger Plan 6, 38640 Goslar<\/p>\n\n\n\n<p>Telefon: &nbsp;&nbsp;&nbsp;&nbsp;&nbsp;&nbsp;&nbsp;&nbsp;&nbsp;&nbsp;&nbsp;+49(0)0160 96 69 03 22<\/p>\n\n\n\n<p>Internet: &nbsp;&nbsp;&nbsp;&nbsp;&nbsp;&nbsp;&nbsp;&nbsp;&nbsp;&nbsp; www.praxis-claudia-menzel.de<\/p>\n\n\n\n<p>E-Mail: &nbsp;&nbsp;&nbsp;&nbsp;&nbsp;&nbsp;&nbsp;&nbsp;&nbsp;&nbsp;&nbsp;&nbsp;&nbsp; info@praxis-claudia-menzel.de<\/p>\n\n\n\n<p>Zust\u00e4ndige Kammer: &nbsp;&nbsp;&nbsp;&nbsp; <a href=\"https:\/\/www.aekn.de\/\" target=\"_blank\" rel=\"noreferrer noopener\">Landes\u00e4rztekammer Niedersachsen<\/a> (ext.)<\/p>\n\n\n\n<p>Zust\u00e4ndige Aufsichtsbeh\u00f6rde f\u00fcr vertrags\u00e4rztliche T\u00e4tigkeiten: &nbsp;&nbsp;&nbsp;<br><a href=\"https:\/\/www.kvn.de\/\" target=\"_blank\" rel=\"noreferrer noopener\">Kassen\u00e4rztliche Vereinigung Niedersachsen<\/a> (ext.)<\/p>\n\n\n\n<p>Geltendes Berufsrecht:<br>Berufsordnung f\u00fcr die \u00c4rzte in Niedersachsen (ext.)<\/p>\n\n\n\n<p><a rel=\"noreferrer noopener\" href=\"http:\/\/www.gesetze-im-internet.de\/go__1982\/index.html\" target=\"_blank\">Geb\u00fchrenordnung f\u00fcr \u00c4rzte<\/a> (ext.)<\/p>\n\n\n\n<p>Angaben zur Berufs-Haftpflichtversicherung: &nbsp;&nbsp;&nbsp; &nbsp;<\/p>\n\n\n\n<p>Generali Versicherung, Adenauerring 7, 81737 M\u00fcnchen<\/p>\n\n\n\n<p>Geltungsraum der Versicherung: &nbsp;&nbsp;&nbsp;&nbsp;&nbsp;&nbsp;&nbsp;&nbsp;&nbsp;&nbsp; Europ\u00e4ische Union<\/p>\n\n\n\n<p>Inhaltlich verantwortlich: &nbsp;&nbsp;&nbsp;&nbsp;&nbsp;&nbsp;&nbsp;&nbsp;&nbsp; Dr. Claudia Menzel<\/p>\n","protected":false},"excerpt":{"rendered":"<p>Facharztpraxis f\u00fcr Allgemeinmedizin \u00a0\u00a0\u00a0\u00a0 Dr. med. Claudia Menzel Berufsbezeichnung: &nbsp;&nbsp;&nbsp;&nbsp;&nbsp; \u00c4rztin (Die Erlaubnis zum F\u00fchren der Berufsbezeichnung \u00c4rztin, zum F\u00fchren der Facharztbezeichnung Allgemeinmedizin sowie die Promotion wurden in Deutschland verliehen) Anschrift: &nbsp;&nbsp;&nbsp;&nbsp;&nbsp;&nbsp;&nbsp;&nbsp;&nbsp; Frankenberger Plan 6, 38640 Goslar Telefon: &nbsp;&nbsp;&nbsp;&nbsp;&nbsp;&nbsp;&nbsp;&nbsp;&nbsp;&nbsp;&nbsp;+49(0)0160 96 69 03 22 Internet: &nbsp;&nbsp;&nbsp;&nbsp;&nbsp;&nbsp;&nbsp;&nbsp;&nbsp;&nbsp; www.praxis-claudia-menzel.de E-Mail: &nbsp;&nbsp;&nbsp;&nbsp;&nbsp;&nbsp;&nbsp;&nbsp;&nbsp;&nbsp;&nbsp;&nbsp;&nbsp; info@praxis-claudia-menzel.de Zust\u00e4ndige Kammer: &nbsp;&nbsp;&nbsp;&nbsp; Landes\u00e4rztekammer Niedersachsen (ext.) &hellip; <\/p>\n<p class=\"link-more\"><a href=\"https:\/\/menzel.tmbe.me\/?page_id=84\" class=\"more-link\"><span class=\"screen-reader-text\">\u201eImpressum\u201c<\/span> weiterlesen<\/a><\/p>\n","protected":false},"author":1,"featured_media":0,"parent":0,"menu_order":0,"comment_status":"closed","ping_status":"closed","template":"","meta":{"footnotes":""},"class_list":["post-84","page","type-page","status-publish","hentry"],"_links":{"self":[{"href":"https:\/\/menzel.tmbe.me\/index.php?rest_route=\/wp\/v2\/pages\/84","targetHints":{"allow":["GET"]}}],"collection":[{"href":"https:\/\/menzel.tmbe.me\/index.php?rest_route=\/wp\/v2\/pages"}],"about":[{"href":"https:\/\/menzel.tmbe.me\/index.php?rest_route=\/wp\/v2\/types\/page"}],"author":[{"embeddable":true,"href":"https:\/\/menzel.tmbe.me\/index.php?rest_route=\/wp\/v2\/users\/1"}],"replies":[{"embeddable":true,"href":"https:\/\/menzel.tmbe.me\/index.php?rest_route=%2Fwp%2Fv2%2Fcomments&post=84"}],"version-history":[{"count":3,"href":"https:\/\/menzel.tmbe.me\/index.php?rest_route=\/wp\/v2\/pages\/84\/revisions"}],"predecessor-version":[{"id":104,"href":"https:\/\/menzel.tmbe.me\/index.php?rest_route=\/wp\/v2\/pages\/84\/revisions\/104"}],"wp:attachment":[{"href":"https:\/\/menzel.tmbe.me\/index.php?rest_route=%2Fwp%2Fv2%2Fmedia&parent=84"}],"curies":[{"name":"wp","href":"https:\/\/api.w.org\/{rel}","templated":true}]}}

<p>Facharztpraxis für Allgemeinmedizin      Dr. med. Claudia Menzel</p>



<p>Berufsbezeichnung: &nbsp;&nbsp;&nbsp;&nbsp;&nbsp; Ärztin (Die Erlaubnis zum Führen der Berufsbezeichnung Ärztin, zum Führen der Facharztbezeichnung Allgemeinmedizin sowie die Promotion wurden in Deutschland verliehen)</p>



<p>Anschrift: &nbsp;&nbsp;&nbsp;&nbsp;&nbsp;&nbsp;&nbsp;&nbsp;&nbsp; Frankenberger Plan 6, 38640 Goslar</p>



<p>Telefon: &nbsp;&nbsp;&nbsp;&nbsp;&nbsp;&nbsp;&nbsp;&nbsp;&nbsp;&nbsp;&nbsp;+49(0)0160 96 69 03 22</p>



<p>Internet: &nbsp;&nbsp;&nbsp;&nbsp;&nbsp;&nbsp;&nbsp;&nbsp;&nbsp;&nbsp; www.praxis-claudia-menzel.de</p>



<p>E-Mail: &nbsp;&nbsp;&nbsp;&nbsp;&nbsp;&nbsp;&nbsp;&nbsp;&nbsp;&nbsp;&nbsp;&nbsp;&nbsp; info@praxis-claudia-menzel.de</p>



<p>Zuständige Kammer: &nbsp;&nbsp;&nbsp;&nbsp; <a href="https://www.aekn.de/" target="_blank" rel="noreferrer noopener">Landesärztekammer Niedersachsen</a> (ext.)</p>



<p>Zuständige Aufsichtsbehörde für vertragsärztliche Tätigkeiten: &nbsp;&nbsp;&nbsp;<br><a href="https://www.kvn.de/" target="_blank" rel="noreferrer noopener">Kassenärztliche Vereinigung Niedersachsen</a> (ext.)</p>



<p>Geltendes Berufsrecht:<br>Berufsordnung für die Ärzte in Niedersachsen (ext.)</p>



<p><a rel="noreferrer noopener" href="http://www.gesetze-im-internet.de/go__1982/index.html" target="_blank">Gebührenordnung für Ärzte</a> (ext.)</p>



<p>Angaben zur Berufs-Haftpflichtversicherung: &nbsp;&nbsp;&nbsp; &nbsp;</p>



<p>Generali Versicherung, Adenauerring 7, 81737 München</p>



<p>Geltungsraum der Versicherung: &nbsp;&nbsp;&nbsp;&nbsp;&nbsp;&nbsp;&nbsp;&nbsp;&nbsp;&nbsp; Europäische Union</p>



<p>Inhaltlich verantwortlich: &nbsp;&nbsp;&nbsp;&nbsp;&nbsp;&nbsp;&nbsp;&nbsp;&nbsp; Dr. Claudia Menzel</p>

<p>Facharztpraxis für Allgemeinmedizin      Dr. med. Claudia Menzel Berufsbezeichnung: &nbsp;&nbsp;&nbsp;&nbsp;&nbsp; Ärztin (Die Erlaubnis zum Führen der Berufsbezeichnung Ärztin, zum Führen der Facharztbezeichnung Allgemeinmedizin sowie die Promotion wurden in Deutschland verliehen) Anschrift: &nbsp;&nbsp;&nbsp;&nbsp;&nbsp;&nbsp;&nbsp;&nbsp;&nbsp; Frankenberger Plan 6, 38640 Goslar Telefon: &nbsp;&nbsp;&nbsp;&nbsp;&nbsp;&nbsp;&nbsp;&nbsp;&nbsp;&nbsp;&nbsp;+49(0)0160 96 69 03 22 Internet: &nbsp;&nbsp;&nbsp;&nbsp;&nbsp;&nbsp;&nbsp;&nbsp;&nbsp;&nbsp; www.praxis-claudia-menzel.de E-Mail: &nbsp;&nbsp;&nbsp;&nbsp;&nbsp;&nbsp;&nbsp;&nbsp;&nbsp;&nbsp;&nbsp;&nbsp;&nbsp; info@praxis-claudia-menzel.de Zuständige Kammer: &nbsp;&nbsp;&nbsp;&nbsp; Landesärztekammer Niedersachsen (ext.) &hellip; </p>
<p class="link-more"><a href="https://menzel.tmbe.me/?page_id=84" class="more-link"><span class="screen-reader-text">„Impressum“</span> weiterlesen</a></p>
